{"id":83,"date":"2026-01-27T07:27:54","date_gmt":"2026-01-27T06:27:54","guid":{"rendered":"http:\/\/klmykita.pl\/?page_id=83"},"modified":"2026-03-05T11:21:40","modified_gmt":"2026-03-05T10:21:40","slug":"zarzad-kola","status":"publish","type":"page","link":"https:\/\/klmykita.pl\/?page_id=83","title":{"rendered":"Zarz\u0105d ko\u0142a"},"content":{"rendered":"\n\n\n\n\n\n\n\n","protected":false},"excerpt":{"rendered":"","protected":false},"author":1,"featured_media":0,"parent":0,"menu_order":0,"comment_status":"closed","ping_status":"closed","template":"full-width","meta":{"saved_in_kubio":true,"footnotes":""},"class_list":["post-83","page","type-page","status-publish","hentry"],"kubio_ai_page_context":{"short_desc":"","purpose":"general"},"yoast_head":"<!-- This site is optimized with the Yoast SEO plugin v26.8 - https:\/\/yoast.com\/product\/yoast-seo-wordpress\/ -->\n<title>Zarz\u0105d ko\u0142a - Ko\u0142o \u0141owieckie Mykita<\/title>\n<meta name=\"robots\" content=\"index, follow, max-snippet:-1, max-image-preview:large, max-video-preview:-1\" \/>\n<link rel=\"canonical\" href=\"https:\/\/klmykita.pl\/?page_id=83\" \/>\n<meta property=\"og:locale\" content=\"en_US\" \/>\n<meta property=\"og:type\" content=\"article\" \/>\n<meta property=\"og:title\" content=\"Zarz\u0105d ko\u0142a - Ko\u0142o \u0141owieckie Mykita\" \/>\n<meta property=\"og:url\" content=\"https:\/\/klmykita.pl\/?page_id=83\" \/>\n<meta property=\"og:site_name\" content=\"Ko\u0142o \u0141owieckie Mykita\" \/>\n<meta property=\"article:modified_time\" content=\"2026-03-05T10:21:40+00:00\" \/>\n<meta name=\"twitter:card\" content=\"summary_large_image\" \/>\n<script type=\"application\/ld+json\" class=\"yoast-schema-graph\">{\"@context\":\"https:\/\/schema.org\",\"@graph\":[{\"@type\":\"WebPage\",\"@id\":\"https:\/\/klmykita.pl\/?page_id=83\",\"url\":\"https:\/\/klmykita.pl\/?page_id=83\",\"name\":\"Zarz\u0105d ko\u0142a - Ko\u0142o \u0141owieckie Mykita\",\"isPartOf\":{\"@id\":\"https:\/\/klmykita.pl\/#website\"},\"datePublished\":\"2026-01-27T06:27:54+00:00\",\"dateModified\":\"2026-03-05T10:21:40+00:00\",\"breadcrumb\":{\"@id\":\"https:\/\/klmykita.pl\/?page_id=83#breadcrumb\"},\"inLanguage\":\"en-US\",\"potentialAction\":[{\"@type\":\"ReadAction\",\"target\":[\"https:\/\/klmykita.pl\/?page_id=83\"]}]},{\"@type\":\"BreadcrumbList\",\"@id\":\"https:\/\/klmykita.pl\/?page_id=83#breadcrumb\",\"itemListElement\":[{\"@type\":\"ListItem\",\"position\":1,\"name\":\"Home\",\"item\":\"https:\/\/klmykita.pl\/\"},{\"@type\":\"ListItem\",\"position\":2,\"name\":\"Zarz\u0105d ko\u0142a\"}]},{\"@type\":\"WebSite\",\"@id\":\"https:\/\/klmykita.pl\/#website\",\"url\":\"https:\/\/klmykita.pl\/\",\"name\":\"Ko\u0142o \u0141owieckie Mykita\",\"description\":\"\",\"publisher\":{\"@id\":\"https:\/\/klmykita.pl\/#organization\"},\"potentialAction\":[{\"@type\":\"SearchAction\",\"target\":{\"@type\":\"EntryPoint\",\"urlTemplate\":\"https:\/\/klmykita.pl\/?s={search_term_string}\"},\"query-input\":{\"@type\":\"PropertyValueSpecification\",\"valueRequired\":true,\"valueName\":\"search_term_string\"}}],\"inLanguage\":\"en-US\"},{\"@type\":\"Organization\",\"@id\":\"https:\/\/klmykita.pl\/#organization\",\"name\":\"Ko\u0142o \u0141owieckie Mykita\",\"url\":\"https:\/\/klmykita.pl\/\",\"logo\":{\"@type\":\"ImageObject\",\"inLanguage\":\"en-US\",\"@id\":\"https:\/\/klmykita.pl\/#\/schema\/logo\/image\/\",\"url\":\"https:\/\/klmykita.pl\/wp-content\/uploads\/2026\/01\/Mykita-logo.png\",\"contentUrl\":\"https:\/\/klmykita.pl\/wp-content\/uploads\/2026\/01\/Mykita-logo.png\",\"width\":1748,\"height\":1762,\"caption\":\"Ko\u0142o \u0141owieckie Mykita\"},\"image\":{\"@id\":\"https:\/\/klmykita.pl\/#\/schema\/logo\/image\/\"}}]}<\/script>\n<!-- \/ Yoast SEO plugin. -->","yoast_head_json":{"title":"Zarz\u0105d ko\u0142a - Ko\u0142o \u0141owieckie Mykita","robots":{"index":"index","follow":"follow","max-snippet":"max-snippet:-1","max-image-preview":"max-image-preview:large","max-video-preview":"max-video-preview:-1"},"canonical":"https:\/\/klmykita.pl\/?page_id=83","og_locale":"en_US","og_type":"article","og_title":"Zarz\u0105d ko\u0142a - Ko\u0142o \u0141owieckie Mykita","og_url":"https:\/\/klmykita.pl\/?page_id=83","og_site_name":"Ko\u0142o \u0141owieckie Mykita","article_modified_time":"2026-03-05T10:21:40+00:00","twitter_card":"summary_large_image","schema":{"@context":"https:\/\/schema.org","@graph":[{"@type":"WebPage","@id":"https:\/\/klmykita.pl\/?page_id=83","url":"https:\/\/klmykita.pl\/?page_id=83","name":"Zarz\u0105d ko\u0142a - Ko\u0142o \u0141owieckie Mykita","isPartOf":{"@id":"https:\/\/klmykita.pl\/#website"},"datePublished":"2026-01-27T06:27:54+00:00","dateModified":"2026-03-05T10:21:40+00:00","breadcrumb":{"@id":"https:\/\/klmykita.pl\/?page_id=83#breadcrumb"},"inLanguage":"en-US","potentialAction":[{"@type":"ReadAction","target":["https:\/\/klmykita.pl\/?page_id=83"]}]},{"@type":"BreadcrumbList","@id":"https:\/\/klmykita.pl\/?page_id=83#breadcrumb","itemListElement":[{"@type":"ListItem","position":1,"name":"Home","item":"https:\/\/klmykita.pl\/"},{"@type":"ListItem","position":2,"name":"Zarz\u0105d ko\u0142a"}]},{"@type":"WebSite","@id":"https:\/\/klmykita.pl\/#website","url":"https:\/\/klmykita.pl\/","name":"Ko\u0142o \u0141owieckie Mykita","description":"","publisher":{"@id":"https:\/\/klmykita.pl\/#organization"},"potentialAction":[{"@type":"SearchAction","target":{"@type":"EntryPoint","urlTemplate":"https:\/\/klmykita.pl\/?s={search_term_string}"},"query-input":{"@type":"PropertyValueSpecification","valueRequired":true,"valueName":"search_term_string"}}],"inLanguage":"en-US"},{"@type":"Organization","@id":"https:\/\/klmykita.pl\/#organization","name":"Ko\u0142o \u0141owieckie Mykita","url":"https:\/\/klmykita.pl\/","logo":{"@type":"ImageObject","inLanguage":"en-US","@id":"https:\/\/klmykita.pl\/#\/schema\/logo\/image\/","url":"https:\/\/klmykita.pl\/wp-content\/uploads\/2026\/01\/Mykita-logo.png","contentUrl":"https:\/\/klmykita.pl\/wp-content\/uploads\/2026\/01\/Mykita-logo.png","width":1748,"height":1762,"caption":"Ko\u0142o \u0141owieckie Mykita"},"image":{"@id":"https:\/\/klmykita.pl\/#\/schema\/logo\/image\/"}}]}},"_links":{"self":[{"href":"https:\/\/klmykita.pl\/index.php?rest_route=\/wp\/v2\/pages\/83","targetHints":{"allow":["GET"]}}],"collection":[{"href":"https:\/\/klmykita.pl\/index.php?rest_route=\/wp\/v2\/pages"}],"about":[{"href":"https:\/\/klmykita.pl\/index.php?rest_route=\/wp\/v2\/types\/page"}],"author":[{"embeddable":true,"href":"https:\/\/klmykita.pl\/index.php?rest_route=\/wp\/v2\/users\/1"}],"replies":[{"embeddable":true,"href":"https:\/\/klmykita.pl\/index.php?rest_route=%2Fwp%2Fv2%2Fcomments&post=83"}],"version-history":[{"count":4,"href":"https:\/\/klmykita.pl\/index.php?rest_route=\/wp\/v2\/pages\/83\/revisions"}],"predecessor-version":[{"id":181,"href":"https:\/\/klmykita.pl\/index.php?rest_route=\/wp\/v2\/pages\/83\/revisions\/181"}],"wp:attachment":[{"href":"https:\/\/klmykita.pl\/index.php?rest_route=%2Fwp%2Fv2%2Fmedia&parent=83"}],"curies":[{"name":"wp","href":"https:\/\/api.w.org\/{rel}","templated":true}]}}